62419 a composite number?
True
Is 27287 prime?
False
Is 791 composite?
True
Is 241189 a composite number?
True
Is 561019 composite?
False
Is 33931 prime?
True
Is 24697 a composite number?
False
Is 976187 a prime number?
True
Is 47461 a composite number?
True
Is 17371 prime?
False
Is 46433 a composite number?
True
Is 4985 a prime number?
False
Is 688949 a composite number?
True
Is 32603 a prime number?
True
Is 77339 a composite number?
False
Is 1861 a composite number?
False
Is 6247 a composite number?
False
Is 21117 composite?
True
Is 73407 prime?
False
Is 45499 prime?
False
Is 5231 a composite number?
False
Is 1399 composite?
False
Is 878893 composite?
False
Is 7993 a composite number?
False
Is 542873 composite?
False
Is 10289 a composite number?
False
Is 44101 composite?
False
Is 168301 composite?
True
Is 1721497 a prime number?
True
Is 37447 a composite number?
False
Is 266887 prime?
False
Is 1961 a composite number?
True
Is 1151 a composite number?
False
Is 25561 a prime number?
True
Is 16787 a prime number?
True
Is 296917 prime?
False
Is 121637 a prime number?
True
Is 69807 prime?
False
Is 247103 composite?
True
Is 311642 composite?
True
Is 60871 a prime number?
False
Is 5623 composite?
False
Is 37331 a composite number?
True
Is 641 a prime number?
True
Is 160283 prime?
False
Is 19103 a prime number?
False
Is 128965 a composite number?
True
Is 72071 a prime number?
False
Is 14761 a prime number?
False
Is 180501 a composite number?
True
Is 1602805 composite?
True
Is 35267 prime?
True
Is 40555 a prime number?
False
Is 3491 composite?
False
Is 6271 a composite number?
False
Is 70297 a composite number?
False
Is 1488561 a prime number?
False
Is 6349 a composite number?
True
Is 16979 a prime number?
True
Is 46195 composite?
True
Is 192737 composite?
False
Is 190159 prime?
True
Is 307 a composite number?
False
Is 53437 composite?
False
Is 34123 prime?
True
Is 681657 composite?
True
Is 50185 prime?
False
Is 1282811 a composite number?
True
Is 359291 prime?
True
Is 18499 composite?
True
Is 50767 composite?
False
Is 3263 composite?
True
Is 512495 a prime number?
False
Is 27197 prime?
True
Is 50783 a composite number?
True
Is 2767 prime?
True
Is 570881 a prime number?
True
Is 9257 prime?
True
Is 48563 a prime number?
True
Is 114207 composite?
True
Is 2189 a composite number?
True
Is 3386 composite?
True
Is 124097 prime?
True
Is 128561 a prime number?
False
Is 839 prime?
True
Is 6847 composite?
True
Is 154367 prime?
False
Is 3271 composite?
False
Is 567813 a composite number?
True
Is 5431 prime?
True
Is 36291 composite?
True
Is 2129 composite?
False
Is 232787 prime?
False
Is 20707 a composite number?
False
Is 6317 a composite number?
False
Is 2127959 prime?
True
Is 161969 composite?
False
Is 12091 a prime number?
False
Is 7901 a prime number?
True
Is 19661 composite?
False
Is 141793 prime?
True
Is 11027 composite?
False
Is 54685 prime?
False
Is 6719 a composite number?
False
Is 35291 prime?
True
Is 41117 a composite number?
False
Is 1273 prime?
False
Is 294839 a composite number?
True
Is 4201 prime?
True
Is 938129 prime?
True
Is 6081 prime?
False
Is 333181 composite?
True
Is 1211167 a prime number?
True
Is 205385 prime?
False
Is 515257 a prime number?
False
Is 2348902 composite?
True
Is 17606 prime?
False
Is 357801 a composite number?
True
Is 66293 a composite number?
False
Is 2798 composite?
True
Is 318173 a prime number?
True
Is 29047 a prime number?
False
Is 1306 composite?
True
Is 59771 a composite number?
False
Is 10519 prime?
False
Is 77065 composite?
True
Is 3086 composite?
True
Is 7715 a prime number?
False
Is 299053 a prime number?
True
Is 8053 a prime number?
True
Is 843814 a composite number?
True
Is 62957 composite?
True
Is 131041 composite?
False
Is 19243 a composite number?
True
Is 1623 composite?
True
Is 94517 a prime number?
False
Is 227939 a composite number?
True
Is 1137481 composite?
False
Is 224491 a prime number?
True
Is 234349 a composite number?
True
Is 102373 prime?
False
Is 317 a prime number?
True
Is 30823 composite?
True
Is 48301 a composite number?
True
Is 64033 prime?
True
Is 164006 prime?
False
Is 65329 prime?
False
Is 14591 prime?
True
Is 129581 a prime number?
True
Is 385511 a composite number?
True
Is 232777 a composite number?
False
Is 3205 composite?
True
Is 286573 a composite number?
True
Is 68437 prime?
True
Is 1646474 composite?
True
Is 255097 a composite number?
False
Is 54887 composite?
True
Is 33521 prime?
True
Is 8663 prime?
True
Is 816215 composite?
True
Is 14633 composite?
False
Is 61141 prime?
True
Is 93047 prime?
True
Is 484141 a composite number?
True
Is 24599 a prime number?
False
Is 18413 a composite number?
False
Is 4985 a prime number?
False
Is 182639 prime?
True
Is 32561 a composite number?
False
Is 83651 prime?
False
Is 1535 prime?
False
Is 134269 prime?
True
Is 8899 a prime number?
False
Is 147607 a composite number?
False
Is 8657 a prime number?
False
Is 3377 prime?
False
Is 76997 prime?
False
Is 38345 a composite number?
True
Is 143531 prime?
False
Is 10297 a composite number?
True
Is 89449 prime?
True
Is 5873 prime?
False
Is 71845 composite?
True
Is 80273 prime?
True
Is 741779 a prime number?
False
Is 322453 a prime number?
False
Is 3043 a prime number?
False
Is 30311 a prime number?
False
Is 17113 composite?
True
Is 90223 prime?
False
Is 242635 prime?
False
Is 66427 a composite number?
True
Is 24811 a prime number?
False
Is 135083 a composite number?
True
Is 1511 composite?
False
Is 322367 a composite number?
True
Is 186793 prime?
True
Is 5471 composite?
False
Is 33389 a prime number?
False
Is 522157 prime?
True
Is 3860111 a prime number?
False
Is 47587 a composite number?
True
Is 172001 composite?
False
Is 36209 composite?
False
Is 61063 prime?
False
Is 8329 prime?
True
Is 80963 prime?
True
Is 2467103 prime?
True
Is 926 prime?
False
Is 11863 a prime number?
True
Is 819043 a prime number?
False
Is 13549 prime?
False
Is 20063 a composite number?
False
Is 58043 a composite number?
False
Is 3139 composite?
True
Is 4443 prime?
False
Is 308489 a composite number?
False
Is 2151547 composite?
True
Is 45943 prime?
True
Is 14987 a prime number?
False
Is 123373 a composite number?
False
Is 302711 a composite number?
False
Is 947 prime?
True
Is 93979 composite?
False
Is 203 composite?
True
Is 1508951 a composite number?
False
Is 23098 composite?
True
Is 293899 a prime number?
True
Is 272093 a composite number?
False
Is 74377 a prime number?
True
Is 278581 composite?
False
Is 58067 prime?
True
Is 83311 composite?
False
Is 3103 composite?
True
Is 3611 a prime number?
False
Is 2335 a composite number?
True
Is 101615 composite?
True
Is 397178 prime?
False
Is 82133 a composite number?
True
Is 395 a prime number?
False
Is 70331 a composite number?
True
Is 4555 a composite number?
True
Is 1086557 a composite number?
False
Is 1618 a composite number?
True
Is 26929 prime?
False
Is 9767 a composite number?
False
Is 8147 a composite number?
False
Is 102047 prime?
False
Is 57751 a prime number?
True
Is 87671 a composite number?
False
Is 24431 a prime number?
False
Is 14107 prime?
True
Is 298153 a composite number?
False
Is 5403 a composite number?
True
Is 805461 prime?
False
Is 21247 a prime number?
True
Is 341 a composite number?
True
Is 790481 prime?
True
Is 33179 a composite number?
False
Is 6491 prime?
True
Is 134437 a prime number?
True
Is 3998065 a composite number?
True
Is 1987 prime?
True
Is 42979 composite?
False
Is 649 a prime number?
False
Is 12515 a composite number?
True
Is 4037 a prime number?
False
Is 34123 prime?
True
Is 9406 composite?
True
Is 69605 prime?
False
Is 1615045 a composite number?
True
Is 3817 prime?
False
Is 35023 composite?
False
Is 799633 prime?
True
Is 17539 a composite number?
False
Is 238993 prime?
False
Is 865157 prime?
False
Is 67121 prime?
True
Is 162989 composite?
False
Is 28286 a composite number?
True
Is 2381747 a prime number?
False
Is 16277 a composite number?
True
Is 499591 prime?
True
Is 306874 a composite number?
True
Is 4387 prime?
False
Is 253411 prime?
False
Is 320315 a prime number?
False
Is 274579 prime?
True
Is 135299 a composite number?
True
Is 67003 composite?
False
Is 1639 prime?
False
Is 1753 composite?
False
Is 7961 prime?
False
Is 64849 a composite numb